{"id":21142,"date":"2025-10-07T10:58:03","date_gmt":"2025-10-07T08:58:03","guid":{"rendered":"https:\/\/arqitecture.fr\/?post_type=product&#038;p=21142"},"modified":"2025-10-08T16:24:05","modified_gmt":"2025-10-08T14:24:05","slug":"canape-meridienne-zen-tissu","status":"publish","type":"product","link":"https:\/\/arqitecture.fr\/en\/product\/canape-meridienne-zen-tissu\/","title":{"rendered":"Meuble Canap\u00e9 M\u00e9ridienne Zen, Tissu"},"content":{"rendered":"<p>\u25ba \u00c9l\u00e9ment central du salon, elle attirera tous les regards<\/p>\n<p>\u25ba Elle fera le plus bel effet \u263c dans de nombreux type d&rsquo;int\u00e9rieur<\/p>\n<p>\u25ba Effet cocooning et \u00e9pur\u00e9<\/p>\n<p>\u25ba Ambiance Zen, \u00e9l\u00e9gante et design contemporain<\/p>\n<p>\u25ba Apporte douceur et modernit\u00e9 \u00e0 votre int\u00e9rieur<\/p>\n<p>\u25ba Adds a timeless touch<\/p>\n<p>\u25ba Mobilier de salon, bureau ou h\u00f4tels<\/p>\n<p>&nbsp;<\/p>\n<p>The first seats with armrests, ancestors of the current sofa, were created in the 18th century.<\/p>\n<p>They were conducive to dialogue thanks to the comfort of a padded seat.<\/p>\n<p>It was in 1865 by an Englishman that the sofa or couch as we know it was invented.<\/p>\n<p>The idea of not only sitting but also lying down and sleeping materialized.<\/p>","protected":false},"excerpt":{"rendered":"<p>El\u00e9gante m\u00e9ridienne aux formes g\u00e9n\u00e9reuses et arrondies.<\/p>\n<p>L&rsquo;arri\u00e8re de la m\u00e9ridienne est en bois ch\u00eane naturel.<\/p>\n<p>Pour un salon spacieux et contemporain.<\/p>\n<p>Il allie esth\u00e9tisme et fonctionnalit\u00e9.<\/p>\n<p>Couleur : gris clair<\/p>\n<p>Dimensions: 212 x 102 x H 85 cm<\/p>\n<p>Dimensions assise : 196 x 68 cm<\/p>\n<p>Hauteur si\u00e8ge: 43 cm<\/p>\n<p>Polypropyl\u00e8ne: 85 %<\/p>\n<p>Fibres Acryliques: 10%<\/p>\n<p>Coton: 5 %<\/p>","protected":false},"featured_media":21144,"template":"","meta":{"_et_pb_use_builder":"","_et_pb_old_content":"","_et_gb_content_width":""},"product_brand":[],"product_cat":[7408,7406],"product_tag":[],"class_list":{"0":"post-21142","1":"product","2":"type-product","3":"status-publish","4":"has-post-thumbnail","6":"product_cat-deco-yin","7":"product_cat-tous-les-produits","9":"first","10":"instock","11":"taxable","12":"shipping-taxable","13":"purchasable","14":"product-type-simple"},"aioseo_notices":[],"_links":{"self":[{"href":"https:\/\/arqitecture.fr\/en\/wp-json\/wp\/v2\/product\/21142","targetHints":{"allow":["GET"]}}],"collection":[{"href":"https:\/\/arqitecture.fr\/en\/wp-json\/wp\/v2\/product"}],"about":[{"href":"https:\/\/arqitecture.fr\/en\/wp-json\/wp\/v2\/types\/product"}],"wp:featuredmedia":[{"embeddable":true,"href":"https:\/\/arqitecture.fr\/en\/wp-json\/wp\/v2\/media\/21144"}],"wp:attachment":[{"href":"https:\/\/arqitecture.fr\/en\/wp-json\/wp\/v2\/media?parent=21142"}],"wp:term":[{"taxonomy":"product_brand","embeddable":true,"href":"https:\/\/arqitecture.fr\/en\/wp-json\/wp\/v2\/product_brand?post=21142"},{"taxonomy":"product_cat","embeddable":true,"href":"https:\/\/arqitecture.fr\/en\/wp-json\/wp\/v2\/product_cat?post=21142"},{"taxonomy":"product_tag","embeddable":true,"href":"https:\/\/arqitecture.fr\/en\/wp-json\/wp\/v2\/product_tag?post=21142"}],"curies":[{"name":"wp","href":"https:\/\/api.w.org\/{rel}","templated":true}]}}

Meuble Canapé Méridienne Zen, Tissu

<p>► Élément central du salon, elle attirera tous les regards</p>
<p>► Elle fera le plus bel effet ☼ dans de nombreux type d&rsquo;intérieur</p>
<p>► Effet cocooning et épuré</p>
<p>► Ambiance Zen, élégante et design contemporain</p>
<p>► Apporte douceur et modernité à votre intérieur</p>
<p>► Adds a timeless touch</p>
<p>► Mobilier de salon, bureau ou hôtels</p>
<p>&nbsp;</p>
<p>The first seats with armrests, ancestors of the current sofa, were created in the 18th century.</p>
<p>They were conducive to dialogue thanks to the comfort of a padded seat.</p>
<p>It was in 1865 by an Englishman that the sofa or couch as we know it was invented.</p>
<p>The idea of not only sitting but also lying down and sleeping materialized.</p>

<p>Elégante méridienne aux formes généreuses et arrondies.</p>
<p>L&rsquo;arrière de la méridienne est en bois chêne naturel.</p>
<p>Pour un salon spacieux et contemporain.</p>
<p>Il allie esthétisme et fonctionnalité.</p>
<p>Couleur : gris clair</p>
<p>Dimensions: 212 x 102 x H 85 cm</p>
<p>Dimensions assise : 196 x 68 cm</p>
<p>Hauteur siège: 43 cm</p>
<p>Polypropylène: 85 %</p>
<p>Fibres Acryliques: 10%</p>
<p>Coton: 5 %</p>
