{"id":21134,"date":"2025-10-06T13:44:34","date_gmt":"2025-10-06T11:44:34","guid":{"rendered":"https:\/\/arqitecture.fr\/?post_type=product&#038;p=21134"},"modified":"2026-03-30T10:14:47","modified_gmt":"2026-03-30T08:14:47","slug":"canape-ovale-arc-de-cercle-zen-tissu","status":"publish","type":"product","link":"https:\/\/arqitecture.fr\/en\/product\/canape-ovale-arc-de-cercle-zen-tissu\/","title":{"rendered":"Meuble Canap\u00e9 Ovale arc de cercle Zen, Tissu"},"content":{"rendered":"<p>\u25ba Central element of the living room, it will attract all eyes<\/p>\n<p>\u25ba It will look great \u263c in many types of interiors<\/p>\n<p>\u25ba Effet cocooning et \u00e9pur\u00e9<\/p>\n<p>\u25ba Ambiance Zen, \u00e9l\u00e9gante et design contemporain<\/p>\n<p>\u25ba Apporte douceur et modernit\u00e9 \u00e0 votre int\u00e9rieur<\/p>\n<p>\u25ba Adds a timeless touch<\/p>\n<p>\u25ba Mobilier de salon, bureau ou h\u00f4tels<\/p>\n<p>&nbsp;<\/p>\n<p>The first seats with armrests, ancestors of the current sofa, were created in the 18th century.<\/p>\n<p>They were conducive to dialogue thanks to the comfort of a padded seat.<\/p>\n<p>It was in 1865 by an Englishman that the sofa or couch as we know it was invented.<\/p>\n<p>The idea of not only sitting but also lying down and sleeping materialized.<\/p>","protected":false},"excerpt":{"rendered":"<p>Confortable Canap\u00e9 aux formes g\u00e9n\u00e9reuses et arrondies.<\/p>\n<p>Pour un salon spacieux et contemporain.<\/p>\n<p>Il allie esth\u00e9tisme et fonctionnalit\u00e9.<\/p>\n<p>Couleur : gris clair<\/p>\n<p>Bois: Pin<\/p>\n<p>Dimensions: 340 x 174 \/ 95 x H 72 cm<\/p>\n<p>Hauteur si\u00e8ge: 40 cm<\/p>\n<p>Polypropyl\u00e8ne: 85 %<\/p>\n<p>Fibres Acryliques: 10%<\/p>\n<p>Coton: 5 %<\/p>","protected":false},"featured_media":21132,"template":"","meta":{"_et_pb_use_builder":"","_et_pb_old_content":"","_et_gb_content_width":""},"product_brand":[],"product_cat":[7408,7406],"product_tag":[],"class_list":{"0":"post-21134","1":"product","2":"type-product","3":"status-publish","4":"has-post-thumbnail","6":"product_cat-deco-yin","7":"product_cat-tous-les-produits","9":"first","10":"instock","11":"taxable","12":"shipping-taxable","13":"purchasable","14":"product-type-simple"},"aioseo_notices":[],"_links":{"self":[{"href":"https:\/\/arqitecture.fr\/en\/wp-json\/wp\/v2\/product\/21134","targetHints":{"allow":["GET"]}}],"collection":[{"href":"https:\/\/arqitecture.fr\/en\/wp-json\/wp\/v2\/product"}],"about":[{"href":"https:\/\/arqitecture.fr\/en\/wp-json\/wp\/v2\/types\/product"}],"wp:featuredmedia":[{"embeddable":true,"href":"https:\/\/arqitecture.fr\/en\/wp-json\/wp\/v2\/media\/21132"}],"wp:attachment":[{"href":"https:\/\/arqitecture.fr\/en\/wp-json\/wp\/v2\/media?parent=21134"}],"wp:term":[{"taxonomy":"product_brand","embeddable":true,"href":"https:\/\/arqitecture.fr\/en\/wp-json\/wp\/v2\/product_brand?post=21134"},{"taxonomy":"product_cat","embeddable":true,"href":"https:\/\/arqitecture.fr\/en\/wp-json\/wp\/v2\/product_cat?post=21134"},{"taxonomy":"product_tag","embeddable":true,"href":"https:\/\/arqitecture.fr\/en\/wp-json\/wp\/v2\/product_tag?post=21134"}],"curies":[{"name":"wp","href":"https:\/\/api.w.org\/{rel}","templated":true}]}}

Meuble Canapé Ovale arc de cercle Zen, Tissu

<p>► Central element of the living room, it will attract all eyes</p>
<p>► It will look great ☼ in many types of interiors</p>
<p>► Effet cocooning et épuré</p>
<p>► Ambiance Zen, élégante et design contemporain</p>
<p>► Apporte douceur et modernité à votre intérieur</p>
<p>► Adds a timeless touch</p>
<p>► Mobilier de salon, bureau ou hôtels</p>
<p>&nbsp;</p>
<p>The first seats with armrests, ancestors of the current sofa, were created in the 18th century.</p>
<p>They were conducive to dialogue thanks to the comfort of a padded seat.</p>
<p>It was in 1865 by an Englishman that the sofa or couch as we know it was invented.</p>
<p>The idea of not only sitting but also lying down and sleeping materialized.</p>

<p>Confortable Canapé aux formes généreuses et arrondies.</p>
<p>Pour un salon spacieux et contemporain.</p>
<p>Il allie esthétisme et fonctionnalité.</p>
<p>Couleur : gris clair</p>
<p>Bois: Pin</p>
<p>Dimensions: 340 x 174 / 95 x H 72 cm</p>
<p>Hauteur siège: 40 cm</p>
<p>Polypropylène: 85 %</p>
<p>Fibres Acryliques: 10%</p>
<p>Coton: 5 %</p>
