{"id":20620,"date":"2025-05-12T14:20:46","date_gmt":"2025-05-12T12:20:46","guid":{"rendered":"https:\/\/arqitecture.fr\/?post_type=product&#038;p=20620"},"modified":"2025-05-12T14:22:09","modified_gmt":"2025-05-12T12:22:09","slug":"vase-tachete-avec-anse-ceramique-marron-et-gris","status":"publish","type":"product","link":"https:\/\/arqitecture.fr\/en\/product\/vase-tachete-avec-anse-ceramique-marron-et-gris\/","title":{"rendered":"Vase tachet\u00e9 avec anse, C\u00e9ramique Marron et gris"},"content":{"rendered":"<p>\u25ba Il fera le plus bel effet \u00e0 m\u00eame le sol<\/p>\n<p>\u25ba Pour une touche Nature \u00e0 sa d\u00e9co<\/p>\n<p>\u25ba Ambiance apaisante<\/p>\n<p>\u25ba Generous shape and material<\/p>\n<p>\u25ba D\u00e9coration de salon, d&rsquo;entr\u00e9e ou accueil, de biblioth\u00e8que ou salle d&rsquo;attente<\/p>\n<p>\u25ba Cadeau pour un mariage, une cr\u00e9maill\u00e8re, de remerciements, d&rsquo;anniversaire ou f\u00eate des M\u00e8res<\/p>\n<p>\u25ba Ideal gift for garden or flower lovers<\/p>","protected":false},"excerpt":{"rendered":"<p>Vase avec anse tachet\u00e9 de couleur marron et gris.<\/p>\n<p>Mati\u00e8re : poterie<br \/>\nHauteur: 55,5 cm<br \/>\nLongueur: 30 cm<br \/>\nLargeur: 30 cm<br \/>\nPoids: 10,095 Kg<\/p>","protected":false},"featured_media":20621,"template":"","meta":{"_et_pb_use_builder":"","_et_pb_old_content":"","_et_gb_content_width":""},"product_brand":[],"product_cat":[7415],"product_tag":[],"class_list":{"0":"post-20620","1":"product","2":"type-product","3":"status-publish","4":"has-post-thumbnail","6":"product_cat-deco-terre","8":"first","9":"instock","10":"taxable","11":"shipping-taxable","12":"purchasable","13":"product-type-simple"},"aioseo_notices":[],"_links":{"self":[{"href":"https:\/\/arqitecture.fr\/en\/wp-json\/wp\/v2\/product\/20620","targetHints":{"allow":["GET"]}}],"collection":[{"href":"https:\/\/arqitecture.fr\/en\/wp-json\/wp\/v2\/product"}],"about":[{"href":"https:\/\/arqitecture.fr\/en\/wp-json\/wp\/v2\/types\/product"}],"wp:featuredmedia":[{"embeddable":true,"href":"https:\/\/arqitecture.fr\/en\/wp-json\/wp\/v2\/media\/20621"}],"wp:attachment":[{"href":"https:\/\/arqitecture.fr\/en\/wp-json\/wp\/v2\/media?parent=20620"}],"wp:term":[{"taxonomy":"product_brand","embeddable":true,"href":"https:\/\/arqitecture.fr\/en\/wp-json\/wp\/v2\/product_brand?post=20620"},{"taxonomy":"product_cat","embeddable":true,"href":"https:\/\/arqitecture.fr\/en\/wp-json\/wp\/v2\/product_cat?post=20620"},{"taxonomy":"product_tag","embeddable":true,"href":"https:\/\/arqitecture.fr\/en\/wp-json\/wp\/v2\/product_tag?post=20620"}],"curies":[{"name":"wp","href":"https:\/\/api.w.org\/{rel}","templated":true}]}}

Vase tacheté avec anse, Céramique Marron et gris

<p>► Il fera le plus bel effet à même le sol</p>
<p>► Pour une touche Nature à sa déco</p>
<p>► Ambiance apaisante</p>
<p>► Generous shape and material</p>
<p>► Décoration de salon, d&rsquo;entrée ou accueil, de bibliothèque ou salle d&rsquo;attente</p>
<p>► Cadeau pour un mariage, une crémaillère, de remerciements, d&rsquo;anniversaire ou fête des Mères</p>
<p>► Ideal gift for garden or flower lovers</p>

<p>Vase avec anse tacheté de couleur marron et gris.</p>
<p>Matière : poterie<br />
Hauteur: 55,5 cm<br />
Longueur: 30 cm<br />
Largeur: 30 cm<br />
Poids: 10,095 Kg</p>
