{"id":19742,"date":"2024-01-15T15:37:20","date_gmt":"2024-01-15T14:37:20","guid":{"rendered":"https:\/\/arqitecture.fr\/?post_type=product&#038;p=19742"},"modified":"2024-12-16T11:37:57","modified_gmt":"2024-12-16T10:37:57","slug":"meuble-fauteuil-chaise-urbain-tissu-h80cm-design-argente","status":"publish","type":"product","link":"https:\/\/arqitecture.fr\/en\/product\/meuble-fauteuil-chaise-urbain-tissu-h80cm-design-argente\/","title":{"rendered":"Meuble Fauteuil Chaise Urbain tissu H80cm, Design argent\u00e9"},"content":{"rendered":"<p>\u25ba Combines chic and comfort<\/p>\n<p>\u25ba Generous shape and material<\/p>\n<p>\u25ba Modern and minimalist style<\/p>\n<p>\u25ba Inspiring and relaxing atmosphere<\/p>\n<p>\u25ba Furniture for living room, office, hotels or bedroom<\/p>\n<p>&nbsp;<\/p>\n<p>The first chairs with armrests appeared in the 18th century.<\/p>\n<p>They were conducive to dialogue thanks to the comfort of a padded seat.<\/p>","protected":false},"excerpt":{"rendered":"<p>Confortable et \u00e9l\u00e9gant fauteuil, tissu argent\u00e9 ou gris.<\/p>\n<p>Dossier et assise avec boutons.<\/p>\n<p>Matelass\u00e9 pour une assise moelleuse.<\/p>\n<p>Rectangular black metal legs and armrests.<\/p>\n<p>Simple to assemble frame.<\/p>\n<p>Seat height 42.5 cm.<\/p>\n<p>Wingspan 84 cm<\/p>\n<p>Height 80 cm<\/p>\n<p>&nbsp;<\/p>","protected":false},"featured_media":19829,"template":"","meta":{"_et_pb_use_builder":"","_et_pb_old_content":"","_et_gb_content_width":""},"product_brand":[],"product_cat":[7408,7406],"product_tag":[8271,8756,8325,8901,9150,8833,7992,8227,8791,8832,7994,8774,7999,8040,8792,8775,8787,8387,8616,8902,8024],"class_list":{"0":"post-19742","1":"product","2":"type-product","3":"status-publish","4":"has-post-thumbnail","6":"product_cat-deco-yin","7":"product_cat-tous-les-produits","8":"product_tag-ambiance","9":"product_tag-apaisant","10":"product_tag-calme","11":"product_tag-canape","12":"product_tag-casablanca","13":"product_tag-chaise","14":"product_tag-decoration","15":"product_tag-design","16":"product_tag-detente","17":"product_tag-fauteuil","18":"product_tag-feng-shui","19":"product_tag-hotels","20":"product_tag-metal","21":"product_tag-noir","22":"product_tag-repos","23":"product_tag-restaurants","24":"product_tag-salle-dattente","25":"product_tag-tendance","26":"product_tag-velours","27":"product_tag-xl","28":"product_tag-zen","30":"first","31":"instock","32":"taxable","33":"shipping-taxable","34":"purchasable","35":"product-type-simple"},"aioseo_notices":[],"_links":{"self":[{"href":"https:\/\/arqitecture.fr\/en\/wp-json\/wp\/v2\/product\/19742","targetHints":{"allow":["GET"]}}],"collection":[{"href":"https:\/\/arqitecture.fr\/en\/wp-json\/wp\/v2\/product"}],"about":[{"href":"https:\/\/arqitecture.fr\/en\/wp-json\/wp\/v2\/types\/product"}],"wp:featuredmedia":[{"embeddable":true,"href":"https:\/\/arqitecture.fr\/en\/wp-json\/wp\/v2\/media\/19829"}],"wp:attachment":[{"href":"https:\/\/arqitecture.fr\/en\/wp-json\/wp\/v2\/media?parent=19742"}],"wp:term":[{"taxonomy":"product_brand","embeddable":true,"href":"https:\/\/arqitecture.fr\/en\/wp-json\/wp\/v2\/product_brand?post=19742"},{"taxonomy":"product_cat","embeddable":true,"href":"https:\/\/arqitecture.fr\/en\/wp-json\/wp\/v2\/product_cat?post=19742"},{"taxonomy":"product_tag","embeddable":true,"href":"https:\/\/arqitecture.fr\/en\/wp-json\/wp\/v2\/product_tag?post=19742"}],"curies":[{"name":"wp","href":"https:\/\/api.w.org\/{rel}","templated":true}]}}

Meuble Fauteuil Chaise Urbain tissu H80cm, Design argenté

<p>Confortable et élégant fauteuil, tissu argenté ou gris.</p>
<p>Dossier et assise avec boutons.</p>
<p>Matelassé pour une assise moelleuse.</p>
<p>Rectangular black metal legs and armrests.</p>
<p>Simple to assemble frame.</p>
<p>Seat height 42.5 cm.</p>
<p>Wingspan 84 cm</p>
<p>Height 80 cm</p>
<p>&nbsp;</p>
