{"id":19224,"date":"2024-01-12T15:56:39","date_gmt":"2024-01-12T14:56:39","guid":{"rendered":"https:\/\/arqitecture.fr\/produit\/grand-panier-de-rangement-rond-rotin-blanc-ou-gris\/"},"modified":"2024-06-27T14:21:58","modified_gmt":"2024-06-27T12:21:58","slug":"grand-panier-de-rangement-rond-rotin-blanc-ou-gris-2","status":"publish","type":"product","link":"https:\/\/arqitecture.fr\/en\/product\/grand-panier-de-rangement-rond-rotin-blanc-ou-gris-2\/","title":{"rendered":"Panier de rangement H50cm Rond coton Nature ou Gris"},"content":{"rendered":"<div class=\"product-specs-list-container\">\n<p>\u25ba Ajoute un touche d&rsquo;\u00e9l\u00e9gance \u00e0 votre d\u00e9coration int\u00e9rieure<\/p>\n<\/div>\n<div class=\"detailmodule_html\">\n<div class=\"detail-desc-decorate-richtext\">\n<p>\u25ba Ambiance chaleureuse et naturelle<\/p>\n<p>Cadeau de pendaison de cr\u00e9maill\u00e8re, invitation \u00e0 diner ou de remerciements.<\/p>\n<p>Le panier est polyvalent et peut \u00eatre utilis\u00e9 pour les v\u00eatements sales, pour le rangement de la buanderie, ainsi que pour les jouets, les couvertures, les oreillers, les draps et plus encore.<\/p>\n<\/div>\n<\/div>\n<div class=\"detailmodule_html\"><\/div>\n<div class=\"detailmodule_html\">\n<div class=\"detail-desc-decorate-richtext\">\n<p>&nbsp;<\/p>\n<\/div>\n<\/div>","protected":false},"excerpt":{"rendered":"<div class=\"detailmodule_html\">\n<p>Grande capacit\u00e9 pour ce panier \u00e0 la mode en corde de coton avec poign\u00e9es et son duo de couleurs.<\/p>\n<p>Fabriqu\u00e9 en corde de coton de haute qualit\u00e9, ce panier \u00e0 linge est con\u00e7u pour \u00eatre durable et respirant.<\/p>\n<p>Il permet la circulation de l&rsquo;air et emp\u00eache l&rsquo;humidit\u00e9 et les odeurs, assurant une protection optimale pour vos v\u00eatements, m\u00eame lorsqu&rsquo;ils sont sales.<\/p>\n<p>Le dessous est un rev\u00eatement imperm\u00e9able, propre et sain.<\/p>\n<div class=\"detailmodule_html\">\n<div class=\"detail-desc-decorate-richtext\">Taille:<\/div>\n<\/div>\n<\/div>\n<div class=\"detailmodule_html\">\n<div class=\"detail-desc-decorate-richtext\">\n<p>L: 40cm, l: 40cm, H: 50cm<\/p>\n<p>Couleurs au choix :<\/p>\n<\/div>\n<\/div>","protected":false},"featured_media":19225,"template":"","meta":{"_et_pb_use_builder":"","_et_pb_old_content":"","_et_gb_content_width":""},"product_brand":[],"product_cat":[7408,7406],"product_tag":[],"class_list":{"0":"post-19224","1":"product","2":"type-product","3":"status-publish","4":"has-post-thumbnail","6":"product_cat-deco-yin","7":"product_cat-tous-les-produits","8":"product_shipping_class-colissimo","9":"pa_couleur-grey-white","10":"pa_couleur-white-yellow","12":"first","13":"instock","14":"taxable","15":"shipping-taxable","16":"purchasable","17":"product-type-variable"},"aioseo_notices":[],"_links":{"self":[{"href":"https:\/\/arqitecture.fr\/en\/wp-json\/wp\/v2\/product\/19224","targetHints":{"allow":["GET"]}}],"collection":[{"href":"https:\/\/arqitecture.fr\/en\/wp-json\/wp\/v2\/product"}],"about":[{"href":"https:\/\/arqitecture.fr\/en\/wp-json\/wp\/v2\/types\/product"}],"wp:featuredmedia":[{"embeddable":true,"href":"https:\/\/arqitecture.fr\/en\/wp-json\/wp\/v2\/media\/19225"}],"wp:attachment":[{"href":"https:\/\/arqitecture.fr\/en\/wp-json\/wp\/v2\/media?parent=19224"}],"wp:term":[{"taxonomy":"product_brand","embeddable":true,"href":"https:\/\/arqitecture.fr\/en\/wp-json\/wp\/v2\/product_brand?post=19224"},{"taxonomy":"product_cat","embeddable":true,"href":"https:\/\/arqitecture.fr\/en\/wp-json\/wp\/v2\/product_cat?post=19224"},{"taxonomy":"product_tag","embeddable":true,"href":"https:\/\/arqitecture.fr\/en\/wp-json\/wp\/v2\/product_tag?post=19224"}],"curies":[{"name":"wp","href":"https:\/\/api.w.org\/{rel}","templated":true}]}}

<div class="product-specs-list-container">
<p>► Ajoute un touche d&rsquo;élégance à votre décoration intérieure</p>
</div>
<div class="detailmodule_html">
<div class="detail-desc-decorate-richtext">
<p>► Ambiance chaleureuse et naturelle</p>
<p>Cadeau de pendaison de crémaillère, invitation à diner ou de remerciements.</p>
<p>Le panier est polyvalent et peut être utilisé pour les vêtements sales, pour le rangement de la buanderie, ainsi que pour les jouets, les couvertures, les oreillers, les draps et plus encore.</p>
</div>
</div>
<div class="detailmodule_html"></div>
<div class="detailmodule_html">
<div class="detail-desc-decorate-richtext">
<p>&nbsp;</p>
</div>
</div>

<div class="detailmodule_html">
<p>Grande capacité pour ce panier à la mode en corde de coton avec poignées et son duo de couleurs.</p>
<p>Fabriqué en corde de coton de haute qualité, ce panier à linge est conçu pour être durable et respirant.</p>
<p>Il permet la circulation de l&rsquo;air et empêche l&rsquo;humidité et les odeurs, assurant une protection optimale pour vos vêtements, même lorsqu&rsquo;ils sont sales.</p>
<p>Le dessous est un revêtement imperméable, propre et sain.</p>
<div class="detailmodule_html">
<div class="detail-desc-decorate-richtext">Taille:</div>
</div>
</div>
<div class="detailmodule_html">
<div class="detail-desc-decorate-richtext">
<p>L: 40cm, l: 40cm, H: 50cm</p>
<p>Couleurs au choix :</p>
</div>
</div>
