{"id":19151,"date":"2024-01-15T11:29:25","date_gmt":"2024-01-15T10:29:25","guid":{"rendered":"https:\/\/arqitecture.fr\/?post_type=product&#038;p=19151"},"modified":"2024-09-23T11:15:25","modified_gmt":"2024-09-23T09:15:25","slug":"meuble-mini-fauteuil-enfant-cosy-beige-bois","status":"publish","type":"product","link":"https:\/\/arqitecture.fr\/en\/product\/meuble-mini-fauteuil-enfant-cosy-beige-bois\/","title":{"rendered":"Meuble Mini Fauteuil enfant Cosy Beige, Bois"},"content":{"rendered":"<p>\u25ba Il fera le plus bel effet \u263c dans une chambre d&rsquo;enfants ou salle de jeux<\/p>\n<p>\u25ba A la fois confortable, douillet et cosy<\/p>\n<p>\u25ba Soft and warm atmosphere<\/p>\n<p>\u25ba To relax alone<\/p>","protected":false},"excerpt":{"rendered":"<p>El\u00e9gant fauteuil pour enfant aux formes vintages arrondies et enveloppantes.<\/p>\n<p>Rev\u00eatement doux et rebondi en tissu beige et coton au traitement anti-t\u00e2ches certifi\u00e9 OEKO- TEX<\/p>\n<p>Armature en bois massif.<\/p>\n<p>Pi\u00e9tement en caoutchouc anti-d\u00e9rapant afin de prot\u00e9ger et ne pas rayer le sol.<\/p>\n<p>Dimension : L 65 cm x H 58 cm<\/p>\n<p>Assise: 60 cm, assise s\u00e9curisante et ludique pour le quotidien.<\/p>\n<p>Mousse certifi\u00e9e EN71-3 et EN17197<\/p>\n<p>A partir de 3 ans, pens\u00e9 et \u00e9tudi\u00e9 pour les enfants.<\/p>","protected":false},"featured_media":19170,"template":"","meta":{"_et_pb_use_builder":"","_et_pb_old_content":"","_et_gb_content_width":""},"product_brand":[],"product_cat":[7408,7406],"product_tag":[],"class_list":{"0":"post-19151","1":"product","2":"type-product","3":"status-publish","4":"has-post-thumbnail","6":"product_cat-deco-yin","7":"product_cat-tous-les-produits","9":"first","10":"instock","11":"taxable","12":"shipping-taxable","13":"purchasable","14":"product-type-simple"},"aioseo_notices":[],"_links":{"self":[{"href":"https:\/\/arqitecture.fr\/en\/wp-json\/wp\/v2\/product\/19151","targetHints":{"allow":["GET"]}}],"collection":[{"href":"https:\/\/arqitecture.fr\/en\/wp-json\/wp\/v2\/product"}],"about":[{"href":"https:\/\/arqitecture.fr\/en\/wp-json\/wp\/v2\/types\/product"}],"wp:featuredmedia":[{"embeddable":true,"href":"https:\/\/arqitecture.fr\/en\/wp-json\/wp\/v2\/media\/19170"}],"wp:attachment":[{"href":"https:\/\/arqitecture.fr\/en\/wp-json\/wp\/v2\/media?parent=19151"}],"wp:term":[{"taxonomy":"product_brand","embeddable":true,"href":"https:\/\/arqitecture.fr\/en\/wp-json\/wp\/v2\/product_brand?post=19151"},{"taxonomy":"product_cat","embeddable":true,"href":"https:\/\/arqitecture.fr\/en\/wp-json\/wp\/v2\/product_cat?post=19151"},{"taxonomy":"product_tag","embeddable":true,"href":"https:\/\/arqitecture.fr\/en\/wp-json\/wp\/v2\/product_tag?post=19151"}],"curies":[{"name":"wp","href":"https:\/\/api.w.org\/{rel}","templated":true}]}}

<p>Elégant fauteuil pour enfant aux formes vintages arrondies et enveloppantes.</p>
<p>Revêtement doux et rebondi en tissu beige et coton au traitement anti-tâches certifié OEKO- TEX</p>
<p>Armature en bois massif.</p>
<p>Piétement en caoutchouc anti-dérapant afin de protéger et ne pas rayer le sol.</p>
<p>Dimension : L 65 cm x H 58 cm</p>
<p>Assise: 60 cm, assise sécurisante et ludique pour le quotidien.</p>
<p>Mousse certifiée EN71-3 et EN17197</p>
<p>A partir de 3 ans, pensé et étudié pour les enfants.</p>
