{"id":19115,"date":"2024-01-15T10:32:56","date_gmt":"2024-01-15T09:32:56","guid":{"rendered":"https:\/\/arqitecture.fr\/?post_type=product&#038;p=19115"},"modified":"2024-09-23T11:15:16","modified_gmt":"2024-09-23T09:15:16","slug":"meuble-fauteuil-cocon-en-tissu-bouclettes-6-couleurs","status":"publish","type":"product","link":"https:\/\/arqitecture.fr\/en\/product\/meuble-fauteuil-cocon-en-tissu-bouclettes-6-couleurs\/","title":{"rendered":"Meuble Fauteuil Cocon en Tissu bouclettes, 6 couleurs"},"content":{"rendered":"<p>\u25ba It will look great \u263c in many types of interiors<\/p>\n<p>\u25ba A la fois confortable, enveloppant, douillet et cosy<\/p>\n<p>\u25ba Soft and warm atmosphere<\/p>\n<p>\u25ba To relax alone<\/p>\n<p>\u25ba Furniture for living room, office, hotels or bedroom<\/p>\n<p>&nbsp;<\/p>\n<p>Le tissu boucl\u00e9 ou bouclette a une r\u00e9sistance tr\u00e8s \u00e9lev\u00e9e \u00e0 l&rsquo;usure.<\/p>\n<p>&nbsp;<\/p>","protected":false},"excerpt":{"rendered":"<p>El\u00e9gant fauteuil tendance aux formes vintages arrondies et rebondies.<\/p>\n<p>Rev\u00eatement doux en tissu de boucles entrelac\u00e9es effet laine de mouton.<\/p>\n<p>Bois massif.<\/p>\n<p>Dimension : L 90 cm x H 70 cm<\/p>\n<p>Assise: 41 cm<\/p>\n<p>Plusieurs couleurs disponibles:<\/p>","protected":false},"featured_media":19121,"template":"","meta":{"_et_pb_use_builder":"","_et_pb_old_content":"","_et_gb_content_width":""},"product_brand":[],"product_cat":[7408,7406],"product_tag":[],"class_list":{"0":"post-19115","1":"product","2":"type-product","3":"status-publish","4":"has-post-thumbnail","6":"product_cat-deco-yin","7":"product_cat-tous-les-produits","8":"pa_couleur-beige","9":"pa_couleur-blc","10":"pa_couleur-blc-chine","11":"pa_couleur-kaki","12":"pa_couleur-maron","13":"pa_couleur-rouille","15":"first","16":"instock","17":"sale","18":"taxable","19":"shipping-taxable","20":"purchasable","21":"product-type-variable"},"aioseo_notices":[],"_links":{"self":[{"href":"https:\/\/arqitecture.fr\/en\/wp-json\/wp\/v2\/product\/19115","targetHints":{"allow":["GET"]}}],"collection":[{"href":"https:\/\/arqitecture.fr\/en\/wp-json\/wp\/v2\/product"}],"about":[{"href":"https:\/\/arqitecture.fr\/en\/wp-json\/wp\/v2\/types\/product"}],"wp:featuredmedia":[{"embeddable":true,"href":"https:\/\/arqitecture.fr\/en\/wp-json\/wp\/v2\/media\/19121"}],"wp:attachment":[{"href":"https:\/\/arqitecture.fr\/en\/wp-json\/wp\/v2\/media?parent=19115"}],"wp:term":[{"taxonomy":"product_brand","embeddable":true,"href":"https:\/\/arqitecture.fr\/en\/wp-json\/wp\/v2\/product_brand?post=19115"},{"taxonomy":"product_cat","embeddable":true,"href":"https:\/\/arqitecture.fr\/en\/wp-json\/wp\/v2\/product_cat?post=19115"},{"taxonomy":"product_tag","embeddable":true,"href":"https:\/\/arqitecture.fr\/en\/wp-json\/wp\/v2\/product_tag?post=19115"}],"curies":[{"name":"wp","href":"https:\/\/api.w.org\/{rel}","templated":true}]}}

<p>► It will look great ☼ in many types of interiors</p>
<p>► A la fois confortable, enveloppant, douillet et cosy</p>
<p>► Soft and warm atmosphere</p>
<p>► To relax alone</p>
<p>► Furniture for living room, office, hotels or bedroom</p>
<p>&nbsp;</p>
<p>Le tissu bouclé ou bouclette a une résistance très élevée à l&rsquo;usure.</p>
<p>&nbsp;</p>

<p>Elégant fauteuil tendance aux formes vintages arrondies et rebondies.</p>
<p>Revêtement doux en tissu de boucles entrelacées effet laine de mouton.</p>
<p>Bois massif.</p>
<p>Dimension : L 90 cm x H 70 cm</p>
<p>Assise: 41 cm</p>
<p>Plusieurs couleurs disponibles:</p>
