{"id":13312,"date":"2024-05-05T11:32:16","date_gmt":"2024-05-05T09:32:16","guid":{"rendered":"https:\/\/site-test.jd-web-et-design.fr\/produit\/cadre-vegetal-mural-decoration-plantes\/"},"modified":"2024-10-31T13:17:29","modified_gmt":"2024-10-31T12:17:29","slug":"cadre-vegetal-mural-decoration-plantes","status":"publish","type":"product","link":"https:\/\/arqitecture.fr\/en\/product\/cadre-vegetal-mural-decoration-plantes\/","title":{"rendered":"Cadre v\u00e9g\u00e9taux mural 28cm, Ardoise"},"content":{"rendered":"<p>\u25ba \u263c Fera le plus bel effet accroch\u00e9 \u00e0 un mur ou pos\u00e9 sur un meuble<\/p>\n<p>\u25ba Ambiance Nature<\/p>\n<p>\u25ba D\u00e9coration d&rsquo;entr\u00e9e, de salon, entr\u00e9e, bureau ou chambre<\/p>\n<p>\u25ba Cadeau de cr\u00e9maill\u00e8re, St Valentin, d&rsquo;anniversaire ou f\u00eates<\/p>","protected":false},"excerpt":{"rendered":"<p>Slate frame to hang with 3 holes for placing plants.<\/p>\n<p>An opening on the top is provided for watering the plants.<\/p>\n<p>28 x 28 cm<\/p>","protected":false},"featured_media":17088,"template":"","meta":{"_et_pb_use_builder":"","_et_pb_old_content":"","_et_gb_content_width":""},"product_brand":[],"product_cat":[7413,7415,7406],"product_tag":[],"class_list":{"0":"post-13312","1":"product","2":"type-product","3":"status-publish","4":"has-post-thumbnail","6":"product_cat-deco-bois","7":"product_cat-deco-terre","8":"product_cat-tous-les-produits","10":"first","11":"instock","12":"taxable","13":"shipping-taxable","14":"purchasable","15":"product-type-simple"},"aioseo_notices":[],"_links":{"self":[{"href":"https:\/\/arqitecture.fr\/en\/wp-json\/wp\/v2\/product\/13312","targetHints":{"allow":["GET"]}}],"collection":[{"href":"https:\/\/arqitecture.fr\/en\/wp-json\/wp\/v2\/product"}],"about":[{"href":"https:\/\/arqitecture.fr\/en\/wp-json\/wp\/v2\/types\/product"}],"wp:featuredmedia":[{"embeddable":true,"href":"https:\/\/arqitecture.fr\/en\/wp-json\/wp\/v2\/media\/17088"}],"wp:attachment":[{"href":"https:\/\/arqitecture.fr\/en\/wp-json\/wp\/v2\/media?parent=13312"}],"wp:term":[{"taxonomy":"product_brand","embeddable":true,"href":"https:\/\/arqitecture.fr\/en\/wp-json\/wp\/v2\/product_brand?post=13312"},{"taxonomy":"product_cat","embeddable":true,"href":"https:\/\/arqitecture.fr\/en\/wp-json\/wp\/v2\/product_cat?post=13312"},{"taxonomy":"product_tag","embeddable":true,"href":"https:\/\/arqitecture.fr\/en\/wp-json\/wp\/v2\/product_tag?post=13312"}],"curies":[{"name":"wp","href":"https:\/\/api.w.org\/{rel}","templated":true}]}}

Cadre végétaux mural 28cm, Ardoise

<p>► ☼ Fera le plus bel effet accroché à un mur ou posé sur un meuble</p>
<p>► Ambiance Nature</p>
<p>► Décoration d&rsquo;entrée, de salon, entrée, bureau ou chambre</p>
<p>► Cadeau de crémaillère, St Valentin, d&rsquo;anniversaire ou fêtes</p>
