{"id":12855,"date":"2024-03-23T11:06:45","date_gmt":"2024-03-23T10:06:45","guid":{"rendered":"https:\/\/site-test.jd-web-et-design.fr\/produit\/bague-ambre-vermeil-fleuri-elegante-cadeau-femme\/"},"modified":"2024-10-30T14:28:47","modified_gmt":"2024-10-30T13:28:47","slug":"bague-ambre-vermeil-fleuri-elegante-cadeau-femme","status":"publish","type":"product","link":"https:\/\/arqitecture.fr\/en\/product\/bague-ambre-vermeil-fleuri-elegante-cadeau-femme\/","title":{"rendered":"Amber ring vermeil ring"},"content":{"rendered":"<p>\u25ba Elle fera le plus bel effet \u00e0 votre main<\/p>\n<p>\u25ba Favorise l&rsquo;\u00e9quilibre \u00e9motionnel<\/p>\n<p>\u25ba Pour une touche de charme \u00e0 votre tenue<\/p>\n<p>\u25ba Cadeau id\u00e9al pour les amateurs ou passionn\u00e9s de pierre pr\u00e9cieuse<\/p>\n<p>\u25ba Cadeau pour une St Valentin, un anniversaire, une f\u00eates ou un mariage<\/p>","protected":false},"excerpt":{"rendered":"<p>Ring with a floral theme with these three beautiful Amber stones and its vermeil ring (silver covered with gold).<\/p>\n<p>size 48 or 15.28 mm<\/p>","protected":false},"featured_media":12851,"template":"","meta":{"_et_pb_use_builder":"","_et_pb_old_content":"","_et_gb_content_width":""},"product_brand":[],"product_cat":[7415,7406],"product_tag":[],"class_list":{"0":"post-12855","1":"product","2":"type-product","3":"status-publish","4":"has-post-thumbnail","6":"product_cat-deco-terre","7":"product_cat-tous-les-produits","9":"first","10":"instock","11":"taxable","12":"shipping-taxable","13":"purchasable","14":"product-type-simple"},"aioseo_notices":[],"_links":{"self":[{"href":"https:\/\/arqitecture.fr\/en\/wp-json\/wp\/v2\/product\/12855","targetHints":{"allow":["GET"]}}],"collection":[{"href":"https:\/\/arqitecture.fr\/en\/wp-json\/wp\/v2\/product"}],"about":[{"href":"https:\/\/arqitecture.fr\/en\/wp-json\/wp\/v2\/types\/product"}],"wp:featuredmedia":[{"embeddable":true,"href":"https:\/\/arqitecture.fr\/en\/wp-json\/wp\/v2\/media\/12851"}],"wp:attachment":[{"href":"https:\/\/arqitecture.fr\/en\/wp-json\/wp\/v2\/media?parent=12855"}],"wp:term":[{"taxonomy":"product_brand","embeddable":true,"href":"https:\/\/arqitecture.fr\/en\/wp-json\/wp\/v2\/product_brand?post=12855"},{"taxonomy":"product_cat","embeddable":true,"href":"https:\/\/arqitecture.fr\/en\/wp-json\/wp\/v2\/product_cat?post=12855"},{"taxonomy":"product_tag","embeddable":true,"href":"https:\/\/arqitecture.fr\/en\/wp-json\/wp\/v2\/product_tag?post=12855"}],"curies":[{"name":"wp","href":"https:\/\/api.w.org\/{rel}","templated":true}]}}

<p>► Elle fera le plus bel effet à votre main</p>
<p>► Favorise l&rsquo;équilibre émotionnel</p>
<p>► Pour une touche de charme à votre tenue</p>
<p>► Cadeau idéal pour les amateurs ou passionnés de pierre précieuse</p>
<p>► Cadeau pour une St Valentin, un anniversaire, une fêtes ou un mariage</p>
