{"id":12850,"date":"2024-03-23T11:00:33","date_gmt":"2024-03-23T10:00:33","guid":{"rendered":"https:\/\/site-test.jd-web-et-design.fr\/produit\/bague-ambre-argent-cadeau-femme\/"},"modified":"2024-10-30T14:30:08","modified_gmt":"2024-10-30T13:30:08","slug":"bague-ambre-argent-cadeau-femme","status":"publish","type":"product","link":"https:\/\/arqitecture.fr\/en\/product\/bague-ambre-argent-cadeau-femme\/","title":{"rendered":"Amber Ring"},"content":{"rendered":"<p>\u25ba Elle fera le plus bel effet \u00e0 votre main<\/p>\n<p>\u25ba Pour une touche de charme \u00e0 votre tenue<\/p>\n<p>\u25ba Cadeau id\u00e9al pour les amateurs ou passionn\u00e9s de pierre pr\u00e9cieuse<\/p>\n<p>\u25ba Cadeau pour une St Valentin, un anniversaire, une f\u00eates ou un mariage<\/p>\n<p>&nbsp;<\/p>\n<p>The magnetic properties of amber were discovered around 600 BC.<\/p>","protected":false},"excerpt":{"rendered":"<p>As timeless as it is refined, this silver ring set with an Amber stone can be worn day or night and for any occasion.<\/p>\n<p>Silver 7.8g<\/p>\n<p>size 56 or 17.83 mm<\/p>\n<p>Provenance : Mexique<\/p>","protected":false},"featured_media":12846,"template":"","meta":{"_et_pb_use_builder":"","_et_pb_old_content":"","_et_gb_content_width":""},"product_brand":[],"product_cat":[7415,7406],"product_tag":[8300,8193,8296,8064,8081],"class_list":{"0":"post-12850","1":"product","2":"type-product","3":"status-publish","4":"has-post-thumbnail","6":"product_cat-deco-terre","7":"product_cat-tous-les-produits","8":"product_tag-ambre","9":"product_tag-argent","10":"product_tag-bague","11":"product_tag-cadeau","12":"product_tag-femme","14":"first","15":"instock","16":"taxable","17":"shipping-taxable","18":"purchasable","19":"product-type-simple"},"aioseo_notices":[],"_links":{"self":[{"href":"https:\/\/arqitecture.fr\/en\/wp-json\/wp\/v2\/product\/12850","targetHints":{"allow":["GET"]}}],"collection":[{"href":"https:\/\/arqitecture.fr\/en\/wp-json\/wp\/v2\/product"}],"about":[{"href":"https:\/\/arqitecture.fr\/en\/wp-json\/wp\/v2\/types\/product"}],"wp:featuredmedia":[{"embeddable":true,"href":"https:\/\/arqitecture.fr\/en\/wp-json\/wp\/v2\/media\/12846"}],"wp:attachment":[{"href":"https:\/\/arqitecture.fr\/en\/wp-json\/wp\/v2\/media?parent=12850"}],"wp:term":[{"taxonomy":"product_brand","embeddable":true,"href":"https:\/\/arqitecture.fr\/en\/wp-json\/wp\/v2\/product_brand?post=12850"},{"taxonomy":"product_cat","embeddable":true,"href":"https:\/\/arqitecture.fr\/en\/wp-json\/wp\/v2\/product_cat?post=12850"},{"taxonomy":"product_tag","embeddable":true,"href":"https:\/\/arqitecture.fr\/en\/wp-json\/wp\/v2\/product_tag?post=12850"}],"curies":[{"name":"wp","href":"https:\/\/api.w.org\/{rel}","templated":true}]}}

<p>► Elle fera le plus bel effet à votre main</p>
<p>► Pour une touche de charme à votre tenue</p>
<p>► Cadeau idéal pour les amateurs ou passionnés de pierre précieuse</p>
<p>► Cadeau pour une St Valentin, un anniversaire, une fêtes ou un mariage</p>
<p>&nbsp;</p>
<p>The magnetic properties of amber were discovered around 600 BC.</p>
